{"id":2,"date":"2026-04-06T00:27:37","date_gmt":"2026-04-06T00:27:37","guid":{"rendered":"https:\/\/intra.blocbuster.fr\/?page_id=2"},"modified":"2026-04-09T02:02:42","modified_gmt":"2026-04-09T00:02:42","slug":"sample-page","status":"publish","type":"page","link":"https:\/\/booking.blocbuster.fr\/","title":{"rendered":"Accueil"},"content":{"rendered":"\t\t<div data-elementor-type=\"wp-page\" data-elementor-id=\"2\" class=\"elementor elementor-2\" data-elementor-post-type=\"page\">\n\t\t\t\t<div class=\"elementor-element elementor-element-5cc1cda e-flex e-con-boxed e-con e-parent\" data-id=\"5cc1cda\" data-element_type=\"container\" data-e-type=\"container\" data-settings=\"{&quot;background_background&quot;:&quot;classic&quot;}\">\n\t\t\t\t\t<div class=\"e-con-inner\">\n\t\t\t\t<div class=\"elementor-element elementor-element-411fdf6 elementor-widget__width-inherit elementor-widget-mobile__width-inherit elementor-absolute elementor-view-default elementor-widget elementor-widget-icon\" data-id=\"411fdf6\" data-element_type=\"widget\" data-e-type=\"widget\" data-settings=\"{&quot;_position&quot;:&quot;absolute&quot;}\" data-widget_type=\"icon.default\">\n\t\t\t\t\t\t\t<div class=\"elementor-icon-wrapper\">\n\t\t\t<div class=\"elementor-icon\">\n\t\t\t<svg aria-hidden=\"true\" class=\"e-font-icon-svg e-fas-angle-double-down\" viewBox=\"0 0 320 512\" xmlns=\"http:\/\/www.w3.org\/2000\/svg\"><path d=\"M143 256.3L7 120.3c-9.4-9.4-9.4-24.6 0-33.9l22.6-22.6c9.4-9.4 24.6-9.4 33.9 0l96.4 96.4 96.4-96.4c9.4-9.4 24.6-9.4 33.9 0L313 86.3c9.4 9.4 9.4 24.6 0 33.9l-136 136c-9.4 9.5-24.6 9.5-34 .1zm34 192l136-136c9.4-9.4 9.4-24.6 0-33.9l-22.6-22.6c-9.4-9.4-24.6-9.4-33.9 0L160 352.1l-96.4-96.4c-9.4-9.4-24.6-9.4-33.9 0L7 278.3c-9.4 9.4-9.4 24.6 0 33.9l136 136c9.4 9.5 24.6 9.5 34 .1z\"><\/path><\/svg>\t\t\t<\/div>\n\t\t<\/div>\n\t\t\t\t\t\t<\/div>\n\t\t<div class=\"elementor-element elementor-element-25fc001 e-con-full e-flex e-con e-child\" data-id=\"25fc001\" data-element_type=\"container\" data-e-type=\"container\">\n\t\t\t\t<div class=\"elementor-element elementor-element-e67e290 elementor-widget elementor-widget-heading\" data-id=\"e67e290\" data-element_type=\"widget\" data-e-type=\"widget\" data-widget_type=\"heading.default\">\n\t\t\t\t\t<h2 class=\"elementor-heading-title elementor-size-default\">R\u00e9servez votre activit\u00e9 chez Blocbuster<\/h2>\t\t\t\t<\/div>\n\t\t\t\t<div class=\"elementor-element elementor-element-1330e3d elementor-widget elementor-widget-spacer\" data-id=\"1330e3d\" data-element_type=\"widget\" data-e-type=\"widget\" data-widget_type=\"spacer.default\">\n\t\t\t\t\t\t\t<div class=\"elementor-spacer\">\n\t\t\t<div class=\"elementor-spacer-inner\"><\/div>\n\t\t<\/div>\n\t\t\t\t\t\t<\/div>\n\t\t\t\t\t\t\t\t<p class=\"e-ff2ff22-d6e33b1 e-paragraph-base\" data-interaction-id=\"ff2ff22\"  data-e-type=\"widget\" data-id=\"ff2ff22\">\n\t\t\t\t\t\t\t\tOrganisez facilement votre prochain \u00e9v\u00e9nement dans nos salles. D\u00e9couvrez nos formules cl\u00e9s en main pour les groupes et bloquez votre date en quelques clics pour une c\u00e9l\u00e9bration hors du commun.\n\t\t\t\t\t<\/p>\n\t\t\t\t<\/div>\n\t\t\t\t\t<\/div>\n\t\t\t\t<\/div>\n\t\t<div class=\"elementor-element elementor-element-9aa2b38 e-flex e-con-boxed e-con e-parent\" data-id=\"9aa2b38\" data-element_type=\"container\" data-e-type=\"container\" data-settings=\"{&quot;background_background&quot;:&quot;classic&quot;}\">\n\t\t\t\t\t<div class=\"e-con-inner\">\n\t\t<div class=\"elementor-element elementor-element-f923039 e-con-full elementor-hidden-tablet elementor-hidden-mobile e-flex e-con e-child\" data-id=\"f923039\" data-element_type=\"container\" data-e-type=\"container\">\n\t\t\t\t\t\t\t<h2 \n\t\tdata-interaction-id=\"aae3dcc\" \n\t\tclass=\"e-aae3dcc-6740add e-heading-base\" \n\t\t \n\t\tdata-e-type=\"widget\" data-id=\"aae3dcc\"\n\t>\n\t\n\t\t\tTrouvez l'activit\u00e9 de votre choix\n\t\t<\/h2>\n\t\t\t\t<\/div>\n\t\t<div class=\"elementor-element elementor-element-ea40d0f e-con-full e-flex e-con e-child\" data-id=\"ea40d0f\" data-element_type=\"container\" data-e-type=\"container\">\n\t\t\t\t<div class=\"elementor-element elementor-element-14a154d elementor-cta--valign-middle e-transform animated-slow elementor-cta--skin-classic elementor-animated-content elementor-invisible elementor-widget elementor-widget-call-to-action\" data-id=\"14a154d\" data-element_type=\"widget\" data-e-type=\"widget\" data-settings=\"{&quot;_transform_translateX_effect_hover&quot;:{&quot;unit&quot;:&quot;px&quot;,&quot;size&quot;:0,&quot;sizes&quot;:[]},&quot;_transform_translateY_effect_hover&quot;:{&quot;unit&quot;:&quot;px&quot;,&quot;size&quot;:-5,&quot;sizes&quot;:[]},&quot;_animation&quot;:&quot;fadeInDown&quot;,&quot;_transform_translateX_effect_hover_tablet&quot;:{&quot;unit&quot;:&quot;px&quot;,&quot;size&quot;:&quot;&quot;,&quot;sizes&quot;:[]},&quot;_transform_translateX_effect_hover_mobile&quot;:{&quot;unit&quot;:&quot;px&quot;,&quot;size&quot;:&quot;&quot;,&quot;sizes&quot;:[]},&quot;_transform_translateY_effect_hover_tablet&quot;:{&quot;unit&quot;:&quot;px&quot;,&quot;size&quot;:&quot;&quot;,&quot;sizes&quot;:[]},&quot;_transform_translateY_effect_hover_mobile&quot;:{&quot;unit&quot;:&quot;px&quot;,&quot;size&quot;:&quot;&quot;,&quot;sizes&quot;:[]}}\" data-widget_type=\"call-to-action.default\">\n\t\t\t\t\t\t\t<a class=\"elementor-cta\" href=\"https:\/\/booking.blocbuster.fr\/index.php\/anniversaire\/\">\n\t\t\t\t\t<div class=\"elementor-cta__bg-wrapper\">\n\t\t\t\t<div class=\"elementor-cta__bg elementor-bg\" style=\"background-image: url(https:\/\/booking.blocbuster.fr\/wp-content\/uploads\/2026\/04\/BB3-25-KIDS-09-scaled-1-1536x1024.jpg);\" role=\"img\" aria-label=\"BB3-25-KIDS-09-scaled\"><\/div>\n\t\t\t\t<div class=\"elementor-cta__bg-overlay\"><\/div>\n\t\t\t<\/div>\n\t\t\t\t\t\t\t<div class=\"elementor-cta__content\">\n\t\t\t\t\n\t\t\t\t\t\t\t\t\t<h2 class=\"elementor-cta__title elementor-cta__content-item elementor-content-item\">\n\t\t\t\t\t\tFormule anniversaire\t\t\t\t\t<\/h2>\n\t\t\t\t\n\t\t\t\t\t\t\t\t\t<div class=\"elementor-cta__description elementor-cta__content-item elementor-content-item\">\n\t\t\t\t\t\tF\u00eatez l'anniversaire de votre enfant chez Blocbuster\t\t\t\t\t<\/div>\n\t\t\t\t\n\t\t\t\t\t\t\t\t\t<div class=\"elementor-cta__button-wrapper elementor-cta__content-item elementor-content-item \">\n\t\t\t\t\t<span class=\"elementor-cta__button elementor-button elementor-size-\">\n\t\t\t\t\t\tInformation et r\u00e9servation\t\t\t\t\t<\/span>\n\t\t\t\t\t<\/div>\n\t\t\t\t\t\t\t<\/div>\n\t\t\t\t\t\t<\/a>\n\t\t\t\t\t\t<\/div>\n\t\t\t\t<div class=\"elementor-element elementor-element-6b24105 elementor-cta--valign-middle e-transform animated-slow elementor-cta--skin-classic elementor-animated-content elementor-invisible elementor-widget elementor-widget-call-to-action\" data-id=\"6b24105\" data-element_type=\"widget\" data-e-type=\"widget\" data-settings=\"{&quot;_transform_translateX_effect_hover&quot;:{&quot;unit&quot;:&quot;px&quot;,&quot;size&quot;:0,&quot;sizes&quot;:[]},&quot;_transform_translateY_effect_hover&quot;:{&quot;unit&quot;:&quot;px&quot;,&quot;size&quot;:-5,&quot;sizes&quot;:[]},&quot;_animation&quot;:&quot;fadeInDown&quot;,&quot;_transform_translateX_effect_hover_tablet&quot;:{&quot;unit&quot;:&quot;px&quot;,&quot;size&quot;:&quot;&quot;,&quot;sizes&quot;:[]},&quot;_transform_translateX_effect_hover_mobile&quot;:{&quot;unit&quot;:&quot;px&quot;,&quot;size&quot;:&quot;&quot;,&quot;sizes&quot;:[]},&quot;_transform_translateY_effect_hover_tablet&quot;:{&quot;unit&quot;:&quot;px&quot;,&quot;size&quot;:&quot;&quot;,&quot;sizes&quot;:[]},&quot;_transform_translateY_effect_hover_mobile&quot;:{&quot;unit&quot;:&quot;px&quot;,&quot;size&quot;:&quot;&quot;,&quot;sizes&quot;:[]}}\" data-widget_type=\"call-to-action.default\">\n\t\t\t\t\t\t\t<div class=\"elementor-cta\">\n\t\t\t\t\t<div class=\"elementor-cta__bg-wrapper\">\n\t\t\t\t<div class=\"elementor-cta__bg elementor-bg\" style=\"background-image: url(https:\/\/intra.blocbuster.fr\/wp-content\/uploads\/2026\/04\/BB3-salle-51-1024x683.jpg);\" role=\"img\" aria-label=\"BB3-salle-5(1)\"><\/div>\n\t\t\t\t<div class=\"elementor-cta__bg-overlay\"><\/div>\n\t\t\t<\/div>\n\t\t\t\t\t\t\t<div class=\"elementor-cta__content\">\n\t\t\t\t\n\t\t\t\t\t\t\t\t\t<h2 class=\"elementor-cta__title elementor-cta__content-item elementor-content-item\">\n\t\t\t\t\t\tStages vacances\t\t\t\t\t<\/h2>\n\t\t\t\t\n\t\t\t\t\t\t\t\t\t<div class=\"elementor-cta__description elementor-cta__content-item elementor-content-item\">\n\t\t\t\t\t\tDe 7 \u00e0 14 ans, inscrivez vos enfants aux stages\t\t\t\t\t<\/div>\n\t\t\t\t\n\t\t\t\t\t\t\t\t\t<div class=\"elementor-cta__button-wrapper elementor-cta__content-item elementor-content-item \">\n\t\t\t\t\t<a class=\"elementor-cta__button elementor-button elementor-size-\">\n\t\t\t\t\t\tInformation et r\u00e9servation\t\t\t\t\t<\/a>\n\t\t\t\t\t<\/div>\n\t\t\t\t\t\t\t<\/div>\n\t\t\t\t\t\t<\/div>\n\t\t\t\t\t\t<\/div>\n\t\t\t\t<div class=\"elementor-element elementor-element-85e8efa elementor-cta--valign-middle e-transform animated-slow elementor-cta--skin-classic elementor-animated-content elementor-invisible elementor-widget elementor-widget-call-to-action\" data-id=\"85e8efa\" data-element_type=\"widget\" data-e-type=\"widget\" data-settings=\"{&quot;_transform_translateX_effect_hover&quot;:{&quot;unit&quot;:&quot;px&quot;,&quot;size&quot;:0,&quot;sizes&quot;:[]},&quot;_transform_translateY_effect_hover&quot;:{&quot;unit&quot;:&quot;px&quot;,&quot;size&quot;:-5,&quot;sizes&quot;:[]},&quot;_animation&quot;:&quot;fadeInDown&quot;,&quot;_transform_translateX_effect_hover_tablet&quot;:{&quot;unit&quot;:&quot;px&quot;,&quot;size&quot;:&quot;&quot;,&quot;sizes&quot;:[]},&quot;_transform_translateX_effect_hover_mobile&quot;:{&quot;unit&quot;:&quot;px&quot;,&quot;size&quot;:&quot;&quot;,&quot;sizes&quot;:[]},&quot;_transform_translateY_effect_hover_tablet&quot;:{&quot;unit&quot;:&quot;px&quot;,&quot;size&quot;:&quot;&quot;,&quot;sizes&quot;:[]},&quot;_transform_translateY_effect_hover_mobile&quot;:{&quot;unit&quot;:&quot;px&quot;,&quot;size&quot;:&quot;&quot;,&quot;sizes&quot;:[]}}\" data-widget_type=\"call-to-action.default\">\n\t\t\t\t\t\t\t<div class=\"elementor-cta\">\n\t\t\t\t\t<div class=\"elementor-cta__bg-wrapper\">\n\t\t\t\t<div class=\"elementor-cta__bg elementor-bg\" style=\"background-image: url(https:\/\/intra.blocbuster.fr\/wp-content\/uploads\/2026\/04\/BB2-sept-23-opt-scaled-1-1024x683.jpeg);\" role=\"img\" aria-label=\"BB2-sept-23-opt-scaled\"><\/div>\n\t\t\t\t<div class=\"elementor-cta__bg-overlay\"><\/div>\n\t\t\t<\/div>\n\t\t\t\t\t\t\t<div class=\"elementor-cta__content\">\n\t\t\t\t\n\t\t\t\t\t\t\t\t\t<h2 class=\"elementor-cta__title elementor-cta__content-item elementor-content-item\">\n\t\t\t\t\t\tPrivatisation\t\t\t\t\t<\/h2>\n\t\t\t\t\n\t\t\t\t\t\t\t\t\t<div class=\"elementor-cta__description elementor-cta__content-item elementor-content-item\">\n\t\t\t\t\t\tPrivatisez une salle Blocbuster rien que pour vous\t\t\t\t\t<\/div>\n\t\t\t\t\n\t\t\t\t\t\t\t\t\t<div class=\"elementor-cta__button-wrapper elementor-cta__content-item elementor-content-item \">\n\t\t\t\t\t<a class=\"elementor-cta__button elementor-button elementor-size-\">\n\t\t\t\t\t\tInformation et r\u00e9servation\t\t\t\t\t<\/a>\n\t\t\t\t\t<\/div>\n\t\t\t\t\t\t\t<\/div>\n\t\t\t\t\t\t<\/div>\n\t\t\t\t\t\t<\/div>\n\t\t\t\t<\/div>\n\t\t\t\t\t<\/div>\n\t\t\t\t<\/div>\n\t\t<div class=\"elementor-element elementor-element-a135488 e-grid e-con-boxed e-con e-parent\" data-id=\"a135488\" data-element_type=\"container\" data-e-type=\"container\" data-settings=\"{&quot;background_background&quot;:&quot;classic&quot;}\">\n\t\t\t\t\t<div class=\"e-con-inner\">\n\t\t\t\t<div class=\"elementor-element elementor-element-8d33bc5 elementor-position-left elementor-position-top elementor-vertical-align-middle elementor-widget elementor-widget-image-box\" data-id=\"8d33bc5\" data-element_type=\"widget\" data-e-type=\"widget\" data-widget_type=\"image-box.default\">\n\t\t\t\t\t<div class=\"elementor-image-box-wrapper\"><figure class=\"elementor-image-box-img\"><img fetchpriority=\"high\" decoding=\"async\" width=\"751\" height=\"590\" src=\"https:\/\/intra.blocbuster.fr\/wp-content\/uploads\/2026\/04\/blocbuster-anniv.jpg\" class=\"attachment-full size-full wp-image-148\" alt=\"\" srcset=\"https:\/\/booking.blocbuster.fr\/wp-content\/uploads\/2026\/04\/blocbuster-anniv.jpg 751w, https:\/\/booking.blocbuster.fr\/wp-content\/uploads\/2026\/04\/blocbuster-anniv-300x236.jpg 300w\" sizes=\"(max-width: 751px) 100vw, 751px\" \/><\/figure><div class=\"elementor-image-box-content\"><h3 class=\"elementor-image-box-title\">Une \u00e9quipe de passionn\u00e9s pour animer vos \u00e9v\u00e9nements<\/h3><p class=\"elementor-image-box-description\">La r\u00e9ussite de votre \u00e9v\u00e9nement repose aussi sur ceux qui l'animent ! Chez Blocbuster, tous nos encadrants sont des professionnels dipl\u00f4m\u00e9s et passionn\u00e9s d'escalade. Leur mission ? Assurer votre s\u00e9curit\u00e9, vous transmettre les bons gestes, et surtout, garantir une ambiance conviviale et motivante, que ce soit pour canaliser l'\u00e9nergie des plus jeunes ou pour challenger vos collaborateurs.<\/p><\/div><\/div>\t\t\t\t<\/div>\n\t\t\t\t\t<\/div>\n\t\t\t\t<\/div>\n\t\t<div class=\"elementor-element elementor-element-08cfdb3 e-grid e-con-boxed e-con e-parent\" data-id=\"08cfdb3\" data-element_type=\"container\" data-e-type=\"container\" data-settings=\"{&quot;background_background&quot;:&quot;classic&quot;}\">\n\t\t\t\t\t<div class=\"e-con-inner\">\n\t\t\t\t\t\t\t<h2 \n\t\tdata-interaction-id=\"57f1f95\" \n\t\tclass=\"e-57f1f95-0f02b81 e-heading-base\" \n\t\t \n\t\tdata-e-type=\"widget\" data-id=\"57f1f95\"\n\t>\n\t\n\t\t\tVotre avis compte\n\t\t<\/h2>\n\t\t\t\t<div class=\"elementor-element elementor-element-fd505de elementor-testimonial--mobile-align-left elementor-widget__width-initial elementor-testimonial--skin-default elementor-testimonial--layout-image_inline elementor-testimonial--align-center elementor-pagination-type-bullets elementor-widget elementor-widget-testimonial-carousel\" data-id=\"fd505de\" data-element_type=\"widget\" data-e-type=\"widget\" data-settings=\"{&quot;slides_per_view_mobile&quot;:&quot;1&quot;,&quot;slides_to_scroll_mobile&quot;:&quot;1&quot;,&quot;space_between_mobile&quot;:{&quot;unit&quot;:&quot;px&quot;,&quot;size&quot;:11,&quot;sizes&quot;:[]},&quot;pagination&quot;:&quot;bullets&quot;,&quot;speed&quot;:500,&quot;autoplay&quot;:&quot;yes&quot;,&quot;autoplay_speed&quot;:5000,&quot;loop&quot;:&quot;yes&quot;,&quot;pause_on_hover&quot;:&quot;yes&quot;,&quot;pause_on_interaction&quot;:&quot;yes&quot;,&quot;space_between&quot;:{&quot;unit&quot;:&quot;px&quot;,&quot;size&quot;:10,&quot;sizes&quot;:[]},&quot;space_between_tablet&quot;:{&quot;unit&quot;:&quot;px&quot;,&quot;size&quot;:10,&quot;sizes&quot;:[]}}\" data-widget_type=\"testimonial-carousel.default\">\n\t\t\t\t\t\t\t\t\t\t<div class=\"elementor-main-swiper swiper\" role=\"region\" aria-roledescription=\"carousel\" aria-label=\"Diapositives\">\n\t\t\t\t<div class=\"swiper-wrapper\">\n\t\t\t\t\t\t\t\t\t\t\t<div class=\"swiper-slide\" role=\"group\" aria-roledescription=\"slide\">\n\t\t\t\t\t\t\t\t\t<div class=\"elementor-testimonial\">\n\t\t\t\t\t\t\t<div class=\"elementor-testimonial__content\">\n\t\t\t\t\t<div class=\"elementor-testimonial__text\">\n\t\t\t\t\t\tL\u2019accueil est agr\u00e9able et l\u2019ambiance g\u00e9n\u00e9rale est sympa. La salle est bien pens\u00e9e avec des blocs vari\u00e9s, notamment le tunnel qui change un peu et qui est int\u00e9ressant \u00e0 essayer.\t\t\t\t\t<\/div>\n\t\t\t\t\t\t\t\t\t<\/div>\n\t\t\t\t\t\t<div class=\"elementor-testimonial__footer\">\n\t\t\t\t\t\t\t\t\t<div class=\"elementor-testimonial__image\">\n\t\t\t\t\t\t<img decoding=\"async\" src=\"https:\/\/intra.blocbuster.fr\/wp-content\/uploads\/2026\/04\/man.png\" alt=\"Thibault\">\n\t\t\t\t\t\t\t\t\t\t\t<\/div>\n\t\t\t\t\t\t\t\t<cite class=\"elementor-testimonial__cite\"><span class=\"elementor-testimonial__name\">Thibault<\/span><span class=\"elementor-testimonial__title\">F\u00e9vrier<\/span><\/cite>\t\t\t<\/div>\n\t\t<\/div>\n\t\t\t\t\t\t\t\t<\/div>\n\t\t\t\t\t\t\t\t\t\t\t<div class=\"swiper-slide\" role=\"group\" aria-roledescription=\"slide\">\n\t\t\t\t\t\t\t\t\t<div class=\"elementor-testimonial\">\n\t\t\t\t\t\t\t<div class=\"elementor-testimonial__content\">\n\t\t\t\t\t<div class=\"elementor-testimonial__text\">\n\t\t\t\t\t\tNous avons \u00e9t\u00e9 bien accueillis. Les enfants ont pu \u00e9volu\u00e9 sur les murs d'escalade en toute confiance.\t\t\t\t\t<\/div>\n\t\t\t\t\t\t\t\t\t<\/div>\n\t\t\t\t\t\t<div class=\"elementor-testimonial__footer\">\n\t\t\t\t\t\t\t\t\t<div class=\"elementor-testimonial__image\">\n\t\t\t\t\t\t<img decoding=\"async\" src=\"https:\/\/intra.blocbuster.fr\/wp-content\/uploads\/2026\/04\/woman.png\" alt=\"Caroline\">\n\t\t\t\t\t\t\t\t\t\t\t<\/div>\n\t\t\t\t\t\t\t\t<cite class=\"elementor-testimonial__cite\"><span class=\"elementor-testimonial__name\">Caroline<\/span><span class=\"elementor-testimonial__title\">19 f\u00e9vr.<\/span><\/cite>\t\t\t<\/div>\n\t\t<\/div>\n\t\t\t\t\t\t\t\t<\/div>\n\t\t\t\t\t\t\t\t\t\t\t<div class=\"swiper-slide\" role=\"group\" aria-roledescription=\"slide\">\n\t\t\t\t\t\t\t\t\t<div class=\"elementor-testimonial\">\n\t\t\t\t\t\t\t<div class=\"elementor-testimonial__content\">\n\t\t\t\t\t<div class=\"elementor-testimonial__text\">\n\t\t\t\t\t\tNous avons \u00e9t\u00e9 bien accueillis. Les enfants ont pu \u00e9volu\u00e9 sur les murs d'escalade en toute confiance.\t\t\t\t\t<\/div>\n\t\t\t\t\t\t\t\t\t<\/div>\n\t\t\t\t\t\t<div class=\"elementor-testimonial__footer\">\n\t\t\t\t\t\t\t\t\t<div class=\"elementor-testimonial__image\">\n\t\t\t\t\t\t<img decoding=\"async\" src=\"https:\/\/intra.blocbuster.fr\/wp-content\/uploads\/2026\/04\/woman.png\" alt=\"Caroline\">\n\t\t\t\t\t\t\t\t\t\t\t<\/div>\n\t\t\t\t\t\t\t\t<cite class=\"elementor-testimonial__cite\"><span class=\"elementor-testimonial__name\">Caroline<\/span><span class=\"elementor-testimonial__title\">19 f\u00e9vr.<\/span><\/cite>\t\t\t<\/div>\n\t\t<\/div>\n\t\t\t\t\t\t\t\t<\/div>\n\t\t\t\t\t\t\t\t\t\t\t<div class=\"swiper-slide\" role=\"group\" aria-roledescription=\"slide\">\n\t\t\t\t\t\t\t\t\t<div class=\"elementor-testimonial\">\n\t\t\t\t\t\t\t<div class=\"elementor-testimonial__content\">\n\t\t\t\t\t<div class=\"elementor-testimonial__text\">\n\t\t\t\t\t\tMoniteur au top, espace sympa pour le go\u00fbter; les enfants sont ravis ! Merci !\t\t\t\t\t<\/div>\n\t\t\t\t\t\t\t\t\t<\/div>\n\t\t\t\t\t\t<div class=\"elementor-testimonial__footer\">\n\t\t\t\t\t\t\t\t\t<div class=\"elementor-testimonial__image\">\n\t\t\t\t\t\t<img decoding=\"async\" src=\"https:\/\/intra.blocbuster.fr\/wp-content\/uploads\/2026\/04\/woman.png\" alt=\"Delphine\">\n\t\t\t\t\t\t\t\t\t\t\t<\/div>\n\t\t\t\t\t\t\t\t<cite class=\"elementor-testimonial__cite\"><span class=\"elementor-testimonial__name\">Delphine<\/span><span class=\"elementor-testimonial__title\">26 mai<\/span><\/cite>\t\t\t<\/div>\n\t\t<\/div>\n\t\t\t\t\t\t\t\t<\/div>\n\t\t\t\t\t\t\t\t\t<\/div>\n\t\t\t\t\t\t\t\t\t\t\t\t\t\t\t\t\t\t\t\t<div class=\"swiper-pagination\"><\/div>\n\t\t\t\t\t\t\t\t\t\t\t\t<\/div>\n\t\t\t\t\t\t\t\t<\/div>\n\t\t\t\t\t<\/div>\n\t\t\t\t<\/div>\n\t\t<div class=\"elementor-element elementor-element-2782621 e-grid e-con-boxed e-con e-parent\" data-id=\"2782621\" data-element_type=\"container\" data-e-type=\"container\" data-settings=\"{&quot;background_background&quot;:&quot;classic&quot;}\">\n\t\t\t\t\t<div class=\"e-con-inner\">\n\t\t\t\t<div class=\"elementor-element elementor-element-e23b3e5 elementor-position-right elementor-position-top elementor-vertical-align-middle elementor-widget elementor-widget-image-box\" data-id=\"e23b3e5\" data-element_type=\"widget\" data-e-type=\"widget\" data-widget_type=\"image-box.default\">\n\t\t\t\t\t<div class=\"elementor-image-box-wrapper\"><figure class=\"elementor-image-box-img\"><img decoding=\"async\" width=\"2390\" height=\"1616\" src=\"https:\/\/intra.blocbuster.fr\/wp-content\/uploads\/2026\/04\/BB-SALLE-SAUNA.png\" class=\"attachment-full size-full wp-image-249\" alt=\"\" srcset=\"https:\/\/booking.blocbuster.fr\/wp-content\/uploads\/2026\/04\/BB-SALLE-SAUNA.png 2390w, https:\/\/booking.blocbuster.fr\/wp-content\/uploads\/2026\/04\/BB-SALLE-SAUNA-300x203.png 300w, https:\/\/booking.blocbuster.fr\/wp-content\/uploads\/2026\/04\/BB-SALLE-SAUNA-1024x692.png 1024w, https:\/\/booking.blocbuster.fr\/wp-content\/uploads\/2026\/04\/BB-SALLE-SAUNA-768x519.png 768w, https:\/\/booking.blocbuster.fr\/wp-content\/uploads\/2026\/04\/BB-SALLE-SAUNA-1536x1039.png 1536w, https:\/\/booking.blocbuster.fr\/wp-content\/uploads\/2026\/04\/BB-SALLE-SAUNA-2048x1385.png 2048w\" sizes=\"(max-width: 2390px) 100vw, 2390px\" \/><\/figure><div class=\"elementor-image-box-content\"><h3 class=\"elementor-image-box-title\">Apr\u00e8s l'effort, place \u00e0 la d\u00e9tente<\/h3><p class=\"elementor-image-box-description\">Un \u00e9v\u00e9nement r\u00e9ussi ne s'arr\u00eate pas au pied des murs. Prolongez l'exp\u00e9rience dans nos espaces \"chill\". Du go\u00fbter d'anniversaire festif au pot de fin de team building, nos espaces de vie confortables sont \u00e0 votre disposition pour trinquer, d\u00e9briefer et c\u00e9l\u00e9brer ensemble.<\/p><\/div><\/div>\t\t\t\t<\/div>\n\t\t\t\t\t<\/div>\n\t\t\t\t<\/div>\n\t\t<div class=\"elementor-element elementor-element-1df20c3 e-grid e-con-boxed e-con e-parent\" data-id=\"1df20c3\" data-element_type=\"container\" data-e-type=\"container\" data-settings=\"{&quot;background_background&quot;:&quot;classic&quot;}\">\n\t\t\t\t\t<div class=\"e-con-inner\">\n\t\t\t\t<div class=\"elementor-element elementor-element-967d6b0 e-con e-atomic-element e-div-block-base e-967d6b0-442e2e6\" data-id=\"967d6b0\" data-element_type=\"e-div-block\" data-e-type=\"e-div-block\" data-interaction-id=\"967d6b0\" data-e-type=\"e-div-block\" data-id=\"967d6b0\">\n\t\t\t\t\t\t\t<h2 \n\t\tdata-interaction-id=\"e6fdbe9\" \n\t\tclass=\"e-e6fdbe9-8b58e74 e-heading-base\" \n\t\t \n\t\tdata-e-type=\"widget\" data-id=\"e6fdbe9\"\n\t>\n\t\n\t\t\tNous contacter\n\t\t<\/h2>\n\t\t<form class=\"e-con e-atomic-element e-form-base form-state-default e-332b4ce-5a2e257 \"\n      data-id=\"332b4ce\"\n      data-element_type=\"e-form\"\n      data-e-type=\"e-form\"\n      data-interaction-id=\"332b4ce\"\n      data-interactions=\"null\"\n      x-data=\"eForm332b4ce\"\n      x-on:submit=\"submit\"      aria-label=\"Formulaire\"\n      data-form-name=\"Formulaire\"\n      >\n    \t\t\t<label \n\t\n\tclass=\"e-form-label-base\"\n\tfor=e-form-first-name\n\tdata-interaction-id=\"a8e1e89\"\n\tdata-e-type=\"widget\" data-id=\"a8e1e89\"\n\t\n>Pr\u00e9nom<\/label>\n\t\t\t\t\t<input \n\tid=e-form-first-name\n\tname=e-form-first-name\n\tclass=\"e-4e2772c-c963888 e-form-input-base\"\n\ttype=\"text\"\n\tdata-interaction-id=\"4e2772c\"\n\tdata-e-type=\"widget\" data-id=\"4e2772c\" \n\t\n\tplaceholder=Pr&#x00E9;nom\n\t\n\t\n\/>\n\t\t\t\t\t<label \n\t\n\tclass=\"e-form-label-base\"\n\tfor=e-form-last-name\n\tdata-interaction-id=\"07b15eb\"\n\tdata-e-type=\"widget\" data-id=\"07b15eb\"\n\t\n>Nom<\/label>\n\t\t\t\t\t<input \n\tid=e-form-last-name\n\tname=e-form-last-name\n\tclass=\"e-e7cf136-5c5b073 e-form-input-base\"\n\ttype=\"text\"\n\tdata-interaction-id=\"e7cf136\"\n\tdata-e-type=\"widget\" data-id=\"e7cf136\" \n\t\n\tplaceholder=Nom\n\t\n\t\n\/>\n\t\t\t\t\t<label \n\t\n\tclass=\"e-form-label-base\"\n\tfor=e-form-email\n\tdata-interaction-id=\"aaca662\"\n\tdata-e-type=\"widget\" data-id=\"aaca662\"\n\t\n>E-mail<\/label>\n\t\t\t\t\t<input \n\tid=e-form-email\n\tname=e-form-email\n\tclass=\"e-f799366-787b5e0 e-form-input-base\"\n\ttype=\"email\"\n\tdata-interaction-id=\"f799366\"\n\tdata-e-type=\"widget\" data-id=\"f799366\" \n\t\n\tplaceholder=votre&#x40;mail.com\n\t\n\t\n\/>\n\t\t\t\t\t<label \n\t\n\tclass=\"e-form-label-base\"\n\tfor=e-form-message\n\tdata-interaction-id=\"535f839\"\n\tdata-e-type=\"widget\" data-id=\"535f839\"\n\t\n>Message<\/label>\n\t\t\t\t\t<textarea\t\n\tid=e-form-message\n\tname=e-form-message\n\tclass=\"e-e2c020f-cfe7589 e-form-textarea-base\"\n\tdata-interaction-id=\"e2c020f\"\n\tdata-e-type=\"widget\" data-id=\"e2c020f\"\n\t\n\tplaceholder=Votre&#x20;message\n\t\n\t\n\trows=4\n\t\n\t\n\tdata-resizable\n><\/textarea>\n\t\t\t\t\t<button \n\t\n\tclass=\"e-7bb6823-47dc9c0 e-form-submit-button-base\"\n\ttype=\"submit\"\n\tdata-interaction-id=\"7bb6823\"\n\tdata-e-type=\"widget\" data-id=\"7bb6823\"\n\t\n>Envoyer<\/button>\n\t\t<div class=\"e-con e-atomic-element e-form-success-message-base e-d2c71aa-f6d0a47 message-success \"\n     data-id=\"d2c71aa\"\n     data-element_type=\"e-form-success-message\"\n     data-e-type=\"e-form-success-message\"\n     data-interaction-id=\"d2c71aa\"\n     >\n    \t\t\t\t\t\t<p class=\"e-paragraph-base\" data-interaction-id=\"5e71582\"  data-e-type=\"widget\" data-id=\"5e71582\">\n\t\t\t\t\t\t\t\tParfait\u00a0! Nous avons bien re\u00e7u vos informations.\n\t\t\t\t\t<\/p>\n\t\t\n<\/div>\n<div class=\"e-con e-atomic-element e-form-error-message-base e-2282046-f209dae message-error \"\n     data-id=\"2282046\"\n     data-element_type=\"e-form-error-message\"\n     data-e-type=\"e-form-error-message\"\n     data-interaction-id=\"2282046\"\n     >\n    \t\t\t\t\t\t<p class=\"e-paragraph-base\" data-interaction-id=\"4b8b64f\"  data-e-type=\"widget\" data-id=\"4b8b64f\">\n\t\t\t\t\t\t\t\tNous n\u2019avons pas pu traiter votre envoi. Veuillez r\u00e9essayer\n\t\t\t\t\t<\/p>\n\t\t\n<\/div>\n\n<\/form>\n\t\t<\/div>\n\t\t\t\t\t<\/div>\n\t\t\t\t<\/div>\n\t\t\t\t<\/div>\n\t\t","protected":false},"excerpt":{"rendered":"<p>R\u00e9servez votre activit\u00e9 chez Blocbuster Organisez facilement votre prochain \u00e9v\u00e9nement dans nos salles. D\u00e9couvrez nos formules cl\u00e9s en main pour les groupes et bloquez votre date en quelques clics pour une c\u00e9l\u00e9bration hors du commun. Trouvez l&rsquo;activit\u00e9 de votre choix Formule anniversaire F\u00eatez l&rsquo;anniversaire de votre enfant chez Blocbuster Information et r\u00e9servation Stages vacances De [&hellip;]<\/p>\n","protected":false},"author":1,"featured_media":0,"parent":0,"menu_order":0,"comment_status":"closed","ping_status":"closed","template":"elementor_header_footer","meta":{"footnotes":""},"class_list":["post-2","page","type-page","status-publish","hentry"],"_links":{"self":[{"href":"https:\/\/booking.blocbuster.fr\/index.php\/wp-json\/wp\/v2\/pages\/2","targetHints":{"allow":["GET"]}}],"collection":[{"href":"https:\/\/booking.blocbuster.fr\/index.php\/wp-json\/wp\/v2\/pages"}],"about":[{"href":"https:\/\/booking.blocbuster.fr\/index.php\/wp-json\/wp\/v2\/types\/page"}],"author":[{"embeddable":true,"href":"https:\/\/booking.blocbuster.fr\/index.php\/wp-json\/wp\/v2\/users\/1"}],"replies":[{"embeddable":true,"href":"https:\/\/booking.blocbuster.fr\/index.php\/wp-json\/wp\/v2\/comments?post=2"}],"version-history":[{"count":350,"href":"https:\/\/booking.blocbuster.fr\/index.php\/wp-json\/wp\/v2\/pages\/2\/revisions"}],"predecessor-version":[{"id":486,"href":"https:\/\/booking.blocbuster.fr\/index.php\/wp-json\/wp\/v2\/pages\/2\/revisions\/486"}],"wp:attachment":[{"href":"https:\/\/booking.blocbuster.fr\/index.php\/wp-json\/wp\/v2\/media?parent=2"}],"curies":[{"name":"wp","href":"https:\/\/api.w.org\/{rel}","templated":true}]}}